
194
What is the greatest common divisor of 7 and 91662?
1
What is the greatest common divisor of 1140 and 8029860?
60
Calculate the highest common divisor of 1372959690 and 6.
6
What is the highest common divisor of 553 and 319026569?
79
What is the highest common divisor of 6669 and 1080729?
351
What is the greatest common factor of 158 and 48606962?
158
What is the greatest common factor of 1406556 and 100392?
1068
Calculate the highest common divisor of 2234 and 28525946.
2234
What is the highest common divisor of 348516 and 1428?
84
Calculate the highest common divisor of 6384 and 419664.
336
What is the greatest common divisor of 19 and 53717959?
19
Calculate the highest common divisor of 99 and 23677776.
9
What is the highest common factor of 76 and 4888966?
38
Calculate the greatest common divisor of 1318890776 and 4228.
4228
What is the greatest common divisor of 16718 and 39338?
26
What is the greatest common divisor of 89094240 and 2880?
1440
What is the greatest common divisor of 59143579 and 11?
11
What is the highest common divisor of 22644 and 37425636?
612
What is the greatest common factor of 1074 and 325600284?
1074
What is the greatest common factor of 7986856 and 2393966?
10454
Calculate the highest common factor of 214869 and 2193588.
3207
Calculate the greatest common factor of 4186 and 1097733.
91
Calculate the greatest common divisor of 8663249 and 805.
161
What is the highest common divisor of 13514 and 5900026?
466
Calculate the greatest common factor of 32129 and 19936.
89
Calculate the greatest common factor of 8370 and 268987.
31
What is the highest common factor of 1798 and 29191?
1
What is the highest common divisor of 691654 and 4152?
346
Calculate the greatest common divisor of 696210 and 56580.
690
Calculate the greatest common divisor of 406 and 15986801.
29
What is the highest common factor of 370901783 and 716?
179
Calculate the highest common factor of 28755118 and 7.
7
Calculate the greatest common factor of 1035 and 638549.
23
What is the greatest common divisor of 138 and 2255817?
69
Calculate the greatest common factor of 3268449 and 9.
9
Calculate the greatest common divisor of 553698080 and 10816.
5408
Calculate the greatest common factor of 14 and 71355109.
7
Calculate the greatest common factor of 79629 and 599203.
209
Calculate the highest common divisor of 498 and 17081068.
166
What is the greatest common factor of 9471 and 211765?
41
Calculate the greatest common divisor of 3420 and 8774295.
285
Calculate the greatest common factor of 189344 and 2224.
16
Calculate the greatest common divisor of 143060 and 23254403.
7153
Calculate the highest common divisor of 54420432 and 4.
4
What is the highest common divisor of 148 and 147124?
4
What is the greatest common divisor of 5870020 and 24476?
844
What is the highest common divisor of 12 and 1256828?
4
Calculate the greatest common factor of 1828313 and 16359.
779
Calculate the highest common factor of 2664 and 920042.
74
Calculate the highest common factor of 16794 and 7746388.
622
What is the highest common divisor of 1388 and 855150964?
1388
Calculate the greatest common divisor of 5 and 57454295.
5
What is the greatest common divisor of 9306 and 71874?
198
Calculate the greatest common divisor of 184926 and 2171937.
1887
What is the greatest common divisor of 18046899 and 234?
117
Calculate the greatest common divisor of 3 and 93335019.
3
Calculate the highest common divisor of 21966728 and 24.
8
What is the highest common factor of 125732 and 1206881?
731
Calculate the greatest common factor of 2026745 and 6517.
7
What is the greatest common divisor of 619989 and 177906?
447
Calculate the highest common factor of 54834 and 130.
26
What is the highest common factor of 2432 and 3097247?
19
Calculate the highest common factor of 262752 and 14810712.
3864
Calculate the greatest common divisor of 2828915 and 177265.
1465
What is the greatest common factor of 15502 and 5694?
2
Calculate the highest common factor of 2309286 and 357.
21
What is the highest common divisor of 1972731 and 72709?
799
Calculate the greatest common factor of 354165 and 3885.
105
What is the greatest common factor of 197515203 and 361?
19
Calculate the greatest common divisor of 149555 and 9905.
35
Calculate the greatest common factor of 10425 and 137888.
139
What is the highest common divisor of 8152 and 2631058?
2038
Calculate the highest common factor of 2423655 and 60.
15
What is the highest common factor of 274850 and 27600?
1150
What is the highest common divisor of 160610 and 39120?
10
Calculate the highest common factor of 2511 and 2659143978.
2511
Calculate the highest common divisor of 14801061 and 851521.
4279
Calculate the greatest common factor of 36330 and 29120.
70
What is the greatest common divisor of 36768377 and 5277?
1759
Calculate the greatest common divisor of 13392 and 32820.
12
What is the greatest common factor of 69350 and 25550?
3650
Calculate the greatest common factor of 71145 and 78523.
527
Calculate the greatest common divisor of 2994560 and 20.
20
Calculate the highest common divisor of 147 and 72851681.
49
Calculate the greatest common factor of 1451520 and 240840.
1080
Calculate the highest common factor of 28 and 11090485.
7
Calculate the greatest common factor of 11 and 70898179.
11
What is the highest common divisor of 115976 and 32984?
1064
Calculate the highest common divisor of 3543171 and 747.
3
What is the greatest common divisor of 225 and 9410211?
9
What is the greatest common divisor of 6672549 and 111?
3
Calculate the greatest common divisor of 196686 and 14518638.
4014
What is the highest common factor of 15666 and 20013?
21
What is the highest common factor of 3922 and 2002514?
74
Calculate the highest common factor of 1240278 and 78.
78
What is the highest common factor of 60 and 21981984?
12
What is the highest common divisor of 105112619 and 17096?
2137
What is the highest common factor of 1107 and 378504333?
1107
Calculate the highest common divisor of 20947480 and 1472.
184
What is the greatest common factor of 94978 and 1590966?
338
What is the highest common factor of 5973 and 9201687?
33
What is the greatest common factor of 88887544 and 152?
8
What is the greatest common divisor of 2194665720 and 80?
40
What is the highest common factor of 566 and 1942229?
283
What is the greatest common factor of 427878 and 13860?
198
Calculate the greatest common factor of 22 and 40084869.
11
What is the highest common factor of 21306850 and 4780?
2390
What is the greatest common divisor of 62220 and 1912350?
1830
Calculate the greatest common divisor of 7015 and 297965.
115
Calculate the greatest common divisor of 134 and 18580373.
67
Calculate the greatest common factor of 833 and 7763560.
833
What is the highest common factor of 67646124 and 4004?
364
What is the greatest common divisor of 14152364 and 14016?
292
Calculate the highest common divisor of 229593925 and 935.
935
Calculate the highest common factor of 3200533 and 15190.
1519
What is the highest common factor of 1050192 and 20400?
816
Calculate the highest common factor of 944 and 138199712.
944
What is the highest common divisor of 1071699242 and 898?
898
What is the greatest common divisor of 664 and 37318460?
332
Calculate the highest common factor of 94718073 and 1797.
1797
What is the highest common factor of 164697 and 94341?
1599
Calculate the greatest common divisor of 20032 and 1268902.
626
What is the greatest common factor of 3796464 and 10704?
48
Calculate the highest common divisor of 1074467151 and 2097.
2097
Calculate the highest common divisor of 46722456 and 5115.
1023
Calculate the greatest common factor of 107375 and 282975.
25
Calculate the highest common factor of 2503978 and 4981.
293
Calculate the highest common divisor of 37607293 and 61.
61
What is the greatest common divisor of 8522739 and 7371?
81
Calculate the highest common factor of 20 and 157002010.
10
Calculate the greatest common divisor of 2239218 and 54.
54
Calculate the greatest common divisor of 4866760 and 154615.
1445
What is the highest common divisor of 63136881 and 27?
27
Calculate the highest common divisor of 8690641 and 413.
59
Calculate the highest common factor of 346204